{"id":4965,"date":"2023-07-06T06:16:24","date_gmt":"2023-07-06T06:16:24","guid":{"rendered":"https:\/\/doscarasprod.com\/?page_id=4965"},"modified":"2023-07-07T19:59:47","modified_gmt":"2023-07-07T19:59:47","slug":"luzyoscuridad-leonel-fonseca","status":"publish","type":"page","link":"https:\/\/doscarasprod.com\/index.php\/luzyoscuridad-leonel-fonseca\/","title":{"rendered":"Leonel Fonseca"},"content":{"rendered":"\t\t<div data-elementor-type=\"wp-page\" data-elementor-id=\"4965\" class=\"elementor elementor-4965\">\n\t\t\t\t\t\t<section class=\"elementor-section elementor-top-section elementor-element elementor-element-1a9b9441 elementor-section-boxed elementor-section-height-default elementor-section-height-default\" data-id=\"1a9b9441\" data-element_type=\"section\">\n\t\t\t\t\t\t<div class=\"elementor-container elementor-column-gap-default\">\n\t\t\t\t\t<div class=\"elementor-column elementor-col-100 elementor-top-column elementor-element elementor-element-47cffd1d\" data-id=\"47cffd1d\" data-element_type=\"column\">\n\t\t\t<div class=\"elementor-widget-wrap elementor-element-populated\">\n\t\t\t\t\t\t<div class=\"elementor-element elementor-element-2300a478 elementor-widget-mobile__width-initial elementor-invisible elementor-widget elementor-widget-image\" data-id=\"2300a478\" data-element_type=\"widget\" data-settings=\"{&quot;_animation&quot;:&quot;fadeIn&quot;}\" data-widget_type=\"image.default\">\n\t\t\t\t<div class=\"elementor-widget-container\">\n\t\t\t\t\t\t\t\t\t\t\t\t\t\t\t<img fetchpriority=\"high\" decoding=\"async\" width=\"1024\" height=\"576\" src=\"https:\/\/doscarasprod.com\/wp-content\/uploads\/2023\/07\/portada-LyO-3-1024x576.jpg\" class=\"attachment-large size-large wp-image-4876\" alt=\"\" srcset=\"https:\/\/doscarasprod.com\/wp-content\/uploads\/2023\/07\/portada-LyO-3-1024x576.jpg 1024w, https:\/\/doscarasprod.com\/wp-content\/uploads\/2023\/07\/portada-LyO-3-300x169.jpg 300w, https:\/\/doscarasprod.com\/wp-content\/uploads\/2023\/07\/portada-LyO-3-768x432.jpg 768w, https:\/\/doscarasprod.com\/wp-content\/uploads\/2023\/07\/portada-LyO-3-1536x864.jpg 1536w, https:\/\/doscarasprod.com\/wp-content\/uploads\/2023\/07\/portada-LyO-3-2048x1152.jpg 2048w, https:\/\/doscarasprod.com\/wp-content\/uploads\/2023\/07\/portada-LyO-3-600x338.jpg 600w\" sizes=\"(max-width: 1024px) 100vw, 1024px\" \/>\t\t\t\t\t\t\t\t\t\t\t\t\t\t\t<\/div>\n\t\t\t\t<\/div>\n\t\t\t\t<div class=\"elementor-element elementor-element-27b4c0af elementor-widget-divider--view-line elementor-widget elementor-widget-divider\" data-id=\"27b4c0af\" data-element_type=\"widget\" data-widget_type=\"divider.default\">\n\t\t\t\t<div class=\"elementor-widget-container\">\n\t\t\t\t\t\t\t<div class=\"elementor-divider\">\n\t\t\t<span class=\"elementor-divider-separator\">\n\t\t\t\t\t\t<\/span>\n\t\t<\/div>\n\t\t\t\t\t\t<\/div>\n\t\t\t\t<\/div>\n\t\t\t\t<div class=\"elementor-element elementor-element-305ca66c elementor-widget__width-initial elementor-widget-mobile__width-initial elementor-invisible elementor-widget elementor-widget-image\" data-id=\"305ca66c\" data-element_type=\"widget\" data-settings=\"{&quot;_animation&quot;:&quot;flash&quot;}\" data-widget_type=\"image.default\">\n\t\t\t\t<div class=\"elementor-widget-container\">\n\t\t\t\t\t\t\t\t\t\t\t\t\t\t\t<img decoding=\"async\" width=\"1933\" height=\"2560\" src=\"https:\/\/doscarasprod.com\/wp-content\/uploads\/2023\/07\/Fondo-blanco-2-scaled.jpg\" class=\"attachment-full size-full wp-image-5024\" alt=\"\" srcset=\"https:\/\/doscarasprod.com\/wp-content\/uploads\/2023\/07\/Fondo-blanco-2-scaled.jpg 1933w, https:\/\/doscarasprod.com\/wp-content\/uploads\/2023\/07\/Fondo-blanco-2-227x300.jpg 227w, https:\/\/doscarasprod.com\/wp-content\/uploads\/2023\/07\/Fondo-blanco-2-773x1024.jpg 773w, https:\/\/doscarasprod.com\/wp-content\/uploads\/2023\/07\/Fondo-blanco-2-768x1017.jpg 768w, https:\/\/doscarasprod.com\/wp-content\/uploads\/2023\/07\/Fondo-blanco-2-1160x1536.jpg 1160w, https:\/\/doscarasprod.com\/wp-content\/uploads\/2023\/07\/Fondo-blanco-2-1546x2048.jpg 1546w, https:\/\/doscarasprod.com\/wp-content\/uploads\/2023\/07\/Fondo-blanco-2-600x795.jpg 600w\" sizes=\"(max-width: 1933px) 100vw, 1933px\" \/>\t\t\t\t\t\t\t\t\t\t\t\t\t\t\t<\/div>\n\t\t\t\t<\/div>\n\t\t\t\t<div class=\"elementor-element elementor-element-2b84852d elementor-widget elementor-widget-text-editor\" data-id=\"2b84852d\" data-element_type=\"widget\" data-widget_type=\"text-editor.default\">\n\t\t\t\t<div class=\"elementor-widget-container\">\n\t\t\t\t\t\t\t\t\t<p>&#8220;Do\u00f1a Mar\u00eda&#8221;<\/p><p>50 x 70cm<\/p><p>Leonel Fonseca | IG: @leonelfonseca_art<\/p><p>2022<\/p><p>\u00d3leo sobre tela<\/p><p>$16,700.00 MXN<\/p><p>Ante la emergencia sanitaria en M\u00e9xico se vieron afectados todos los campos laborales,<br \/>especialmente aquellos trabajos informales. Al hablar de trabajos informales creemos que son<br \/>aquellos con escasos ingresos, y no necesariamente lo sea. Podr\u00edamos decir que la<br \/>informalidad laboral es ser \u201cvulnerable\u201d este sector de la poblaci\u00f3n no cuenta con las<br \/>prestaciones adecuadas, ante la emergencia sanitaria quedan vulnerables al no contar con un<br \/>seguro m\u00e9dico. Lamentablemente, el empleo informal va en crecimiento en M\u00e9xico. Las<br \/>mujeres son las m\u00e1s vulnerables, pues representan el 57% de los empleos informales, las<br \/>mujeres suelen ser m\u00e1s flexibles a realizar actividades las cuales los hombres no, como el<br \/>cuidado de enfermos, crianza, limpieza, atenci\u00f3n a los adultos mayores, etc. El salario<br \/>promedio al mes para las mujeres suelen ser de $2540, mientras que el de los hombres $3350,<br \/>adem\u00e1s de trabajar diario por un salario m\u00e1s bajo que el de los hombres, en condiciones<br \/>inseguras, lo que incluye el riesgo de acoso sexual. La falta de protecciones sociales tiene<br \/>repercusiones a largo plazo para las mujeres. Por ejemplo, en todo el mundo, hay menos<br \/>mujeres que hombres que reciben pensiones, lo que redunda en un mayor n\u00famero de mujeres<br \/>mayores que viven en pobreza. Incluso en econom\u00edas desarrolladas, como en Francia,<br \/>Alemania, Grecia e Italia, la pensi\u00f3n media de las mujeres es un 30 por ciento m\u00e1s baja que la<br \/>de los hombres.<\/p>\t\t\t\t\t\t\t\t<\/div>\n\t\t\t\t<\/div>\n\t\t\t\t\t<\/div>\n\t\t<\/div>\n\t\t\t\t\t<\/div>\n\t\t<\/section>\n\t\t\t\t<section class=\"elementor-section elementor-top-section elementor-element elementor-element-743682fa elementor-section-boxed elementor-section-height-default elementor-section-height-default\" data-id=\"743682fa\" data-element_type=\"section\">\n\t\t\t\t\t\t<div class=\"elementor-container elementor-column-gap-default\">\n\t\t\t\t\t<div class=\"elementor-column elementor-col-100 elementor-top-column elementor-element elementor-element-75b0acc9\" data-id=\"75b0acc9\" data-element_type=\"column\">\n\t\t\t<div class=\"elementor-widget-wrap elementor-element-populated\">\n\t\t\t\t\t\t<div class=\"elementor-element elementor-element-1af8c425 elementor-widget-divider--view-line elementor-widget elementor-widget-divider\" data-id=\"1af8c425\" data-element_type=\"widget\" data-widget_type=\"divider.default\">\n\t\t\t\t<div class=\"elementor-widget-container\">\n\t\t\t\t\t\t\t<div class=\"elementor-divider\">\n\t\t\t<span class=\"elementor-divider-separator\">\n\t\t\t\t\t\t<\/span>\n\t\t<\/div>\n\t\t\t\t\t\t<\/div>\n\t\t\t\t<\/div>\n\t\t\t\t<div class=\"elementor-element elementor-element-273cd6b8 elementor-widget__width-initial elementor-invisible elementor-widget elementor-widget-image\" data-id=\"273cd6b8\" data-element_type=\"widget\" data-settings=\"{&quot;_animation&quot;:&quot;flash&quot;}\" data-widget_type=\"image.default\">\n\t\t\t\t<div class=\"elementor-widget-container\">\n\t\t\t\t\t\t\t\t\t\t\t\t\t\t\t<img decoding=\"async\" width=\"1707\" height=\"2560\" src=\"https:\/\/doscarasprod.com\/wp-content\/uploads\/2023\/07\/Fondo-blanco--scaled.jpg\" class=\"attachment-full size-full wp-image-5025\" alt=\"\" srcset=\"https:\/\/doscarasprod.com\/wp-content\/uploads\/2023\/07\/Fondo-blanco--scaled.jpg 1707w, https:\/\/doscarasprod.com\/wp-content\/uploads\/2023\/07\/Fondo-blanco--200x300.jpg 200w, https:\/\/doscarasprod.com\/wp-content\/uploads\/2023\/07\/Fondo-blanco--683x1024.jpg 683w, https:\/\/doscarasprod.com\/wp-content\/uploads\/2023\/07\/Fondo-blanco--768x1152.jpg 768w, https:\/\/doscarasprod.com\/wp-content\/uploads\/2023\/07\/Fondo-blanco--1024x1536.jpg 1024w, https:\/\/doscarasprod.com\/wp-content\/uploads\/2023\/07\/Fondo-blanco--1365x2048.jpg 1365w, https:\/\/doscarasprod.com\/wp-content\/uploads\/2023\/07\/Fondo-blanco--600x900.jpg 600w\" sizes=\"(max-width: 1707px) 100vw, 1707px\" \/>\t\t\t\t\t\t\t\t\t\t\t\t\t\t\t<\/div>\n\t\t\t\t<\/div>\n\t\t\t\t<div class=\"elementor-element elementor-element-7eaf6929 elementor-widget elementor-widget-text-editor\" data-id=\"7eaf6929\" data-element_type=\"widget\" data-widget_type=\"text-editor.default\">\n\t\t\t\t<div class=\"elementor-widget-container\">\n\t\t\t\t\t\t\t\t\t<p>&#8220;Mis amantes y yo&#8221;<\/p><p>40 x 60cm<\/p><p>Leonel Fonseca | IG: @leonelfonseca_art<\/p><p>2020<\/p><p>Temple sobre tela<\/p><p>$16,700.00 MXN<\/p><p>Los garabatos siempre han sido su fascinaci\u00f3n y m\u00e1s con colores, con muy poco puede decir<br \/>mucho. lineart lo influenci\u00f3 con el impresionismo del siglo XIX, en donde los artistas<br \/>aprend\u00edan a captar la esencia de las cosas en corto tiempo, ya no era horas en el estudio si no<br \/>ya pod\u00edan salir a las calles. f\u00e1cilmente, se pueden confundir con la corriente de arte donde<br \/>pr\u00e1cticamente son l\u00edneas, pero en su caso llevan mucho color. Mis amantes y yo es una<br \/>creaci\u00f3n a partir de clara de huevo con pigmentos todo tradicional con la t\u00e9cnica de los<br \/>renacentistas.<\/p>\t\t\t\t\t\t\t\t<\/div>\n\t\t\t\t<\/div>\n\t\t\t\t\t<\/div>\n\t\t<\/div>\n\t\t\t\t\t<\/div>\n\t\t<\/section>\n\t\t\t\t<section class=\"elementor-section elementor-top-section elementor-element elementor-element-576bfce4 elementor-section-boxed elementor-section-height-default elementor-section-height-default\" data-id=\"576bfce4\" data-element_type=\"section\">\n\t\t\t\t\t\t<div class=\"elementor-container elementor-column-gap-default\">\n\t\t\t\t\t<div class=\"elementor-column elementor-col-100 elementor-top-column elementor-element elementor-element-bd9db27\" data-id=\"bd9db27\" data-element_type=\"column\">\n\t\t\t<div class=\"elementor-widget-wrap elementor-element-populated\">\n\t\t\t\t\t\t<div class=\"elementor-element elementor-element-676ca515 elementor-widget-divider--view-line elementor-widget elementor-widget-divider\" data-id=\"676ca515\" data-element_type=\"widget\" data-widget_type=\"divider.default\">\n\t\t\t\t<div class=\"elementor-widget-container\">\n\t\t\t\t\t\t\t<div class=\"elementor-divider\">\n\t\t\t<span class=\"elementor-divider-separator\">\n\t\t\t\t\t\t<\/span>\n\t\t<\/div>\n\t\t\t\t\t\t<\/div>\n\t\t\t\t<\/div>\n\t\t\t\t\t<\/div>\n\t\t<\/div>\n\t\t\t\t\t<\/div>\n\t\t<\/section>\n\t\t\t\t<section class=\"elementor-section elementor-top-section elementor-element elementor-element-7118849c elementor-section-stretched elementor-section-boxed elementor-section-height-default elementor-section-height-default elementor-invisible\" data-id=\"7118849c\" data-element_type=\"section\" data-settings=\"{&quot;stretch_section&quot;:&quot;section-stretched&quot;,&quot;animation&quot;:&quot;fadeIn&quot;}\">\n\t\t\t\t\t\t<div class=\"elementor-container elementor-column-gap-no\">\n\t\t\t\t\t<div class=\"elementor-column elementor-col-100 elementor-top-column elementor-element elementor-element-2496e8f0\" data-id=\"2496e8f0\" data-element_type=\"column\">\n\t\t\t<div class=\"elementor-widget-wrap elementor-element-populated\">\n\t\t\t\t\t\t<div class=\"elementor-element elementor-element-1a7441d7 elementor-widget__width-initial elementor-widget-mobile__width-initial elementor-widget elementor-widget-video\" data-id=\"1a7441d7\" data-element_type=\"widget\" data-settings=\"{&quot;youtube_url&quot;:&quot;https:\\\/\\\/youtu.be\\\/mDbhxnInFMw&quot;,&quot;autoplay&quot;:&quot;yes&quot;,&quot;play_on_mobile&quot;:&quot;yes&quot;,&quot;mute&quot;:&quot;yes&quot;,&quot;video_type&quot;:&quot;youtube&quot;,&quot;controls&quot;:&quot;yes&quot;}\" data-widget_type=\"video.default\">\n\t\t\t\t<div class=\"elementor-widget-container\">\n\t\t\t\t\t\t\t<div class=\"elementor-wrapper elementor-open-inline\">\n\t\t\t<div class=\"elementor-video\"><\/div>\t\t<\/div>\n\t\t\t\t\t\t<\/div>\n\t\t\t\t<\/div>\n\t\t\t\t<div class=\"elementor-element elementor-element-6e317d1b elementor-widget__width-initial elementor-widget-mobile__width-initial elementor-widget elementor-widget-image\" data-id=\"6e317d1b\" data-element_type=\"widget\" data-widget_type=\"image.default\">\n\t\t\t\t<div class=\"elementor-widget-container\">\n\t\t\t\t\t\t\t\t\t\t\t\t\t\t\t<img loading=\"lazy\" decoding=\"async\" width=\"683\" height=\"1024\" src=\"https:\/\/doscarasprod.com\/wp-content\/uploads\/2023\/07\/Con-vinenatas-3-683x1024.jpg\" class=\"attachment-large size-large wp-image-5026\" alt=\"\" srcset=\"https:\/\/doscarasprod.com\/wp-content\/uploads\/2023\/07\/Con-vinenatas-3-683x1024.jpg 683w, https:\/\/doscarasprod.com\/wp-content\/uploads\/2023\/07\/Con-vinenatas-3-200x300.jpg 200w, https:\/\/doscarasprod.com\/wp-content\/uploads\/2023\/07\/Con-vinenatas-3-768x1152.jpg 768w, https:\/\/doscarasprod.com\/wp-content\/uploads\/2023\/07\/Con-vinenatas-3-1024x1536.jpg 1024w, https:\/\/doscarasprod.com\/wp-content\/uploads\/2023\/07\/Con-vinenatas-3-1365x2048.jpg 1365w, https:\/\/doscarasprod.com\/wp-content\/uploads\/2023\/07\/Con-vinenatas-3-600x900.jpg 600w, https:\/\/doscarasprod.com\/wp-content\/uploads\/2023\/07\/Con-vinenatas-3-scaled.jpg 1707w\" sizes=\"(max-width: 683px) 100vw, 683px\" \/>\t\t\t\t\t\t\t\t\t\t\t\t\t\t\t<\/div>\n\t\t\t\t<\/div>\n\t\t\t\t\t<\/div>\n\t\t<\/div>\n\t\t\t\t\t<\/div>\n\t\t<\/section>\n\t\t\t\t<section class=\"elementor-section elementor-top-section elementor-element elementor-element-57596e92 elementor-section-boxed elementor-section-height-default elementor-section-height-default\" data-id=\"57596e92\" data-element_type=\"section\">\n\t\t\t\t\t\t<div class=\"elementor-container elementor-column-gap-default\">\n\t\t\t\t\t<div class=\"elementor-column elementor-col-100 elementor-top-column elementor-element elementor-element-647fc5fe\" data-id=\"647fc5fe\" data-element_type=\"column\">\n\t\t\t<div class=\"elementor-widget-wrap elementor-element-populated\">\n\t\t\t\t\t\t<div class=\"elementor-element elementor-element-4f9dc22a elementor-widget-divider--view-line elementor-widget elementor-widget-divider\" data-id=\"4f9dc22a\" data-element_type=\"widget\" data-widget_type=\"divider.default\">\n\t\t\t\t<div class=\"elementor-widget-container\">\n\t\t\t\t\t\t\t<div class=\"elementor-divider\">\n\t\t\t<span class=\"elementor-divider-separator\">\n\t\t\t\t\t\t<\/span>\n\t\t<\/div>\n\t\t\t\t\t\t<\/div>\n\t\t\t\t<\/div>\n\t\t\t\t\t<\/div>\n\t\t<\/div>\n\t\t\t\t\t<\/div>\n\t\t<\/section>\n\t\t\t\t<section class=\"elementor-section elementor-top-section elementor-element elementor-element-61613909 elementor-section-boxed elementor-section-height-default elementor-section-height-default elementor-invisible\" data-id=\"61613909\" data-element_type=\"section\" data-settings=\"{&quot;animation&quot;:&quot;fadeInUp&quot;}\">\n\t\t\t\t\t\t<div class=\"elementor-container elementor-column-gap-default\">\n\t\t\t\t\t<div class=\"elementor-column elementor-col-100 elementor-top-column elementor-element elementor-element-4e7837f1\" data-id=\"4e7837f1\" data-element_type=\"column\">\n\t\t\t<div class=\"elementor-widget-wrap elementor-element-populated\">\n\t\t\t\t\t\t<div class=\"elementor-element elementor-element-643f7c20 elementor-position-left elementor-vertical-align-top elementor-widget elementor-widget-image-box\" data-id=\"643f7c20\" data-element_type=\"widget\" data-widget_type=\"image-box.default\">\n\t\t\t\t<div class=\"elementor-widget-container\">\n\t\t\t\t\t<div class=\"elementor-image-box-wrapper\"><figure class=\"elementor-image-box-img\"><img loading=\"lazy\" decoding=\"async\" width=\"683\" height=\"1024\" src=\"https:\/\/doscarasprod.com\/wp-content\/uploads\/2023\/07\/IMG_6192-683x1024.jpg\" class=\"elementor-animation-grow attachment-large size-large wp-image-5027\" alt=\"\" srcset=\"https:\/\/doscarasprod.com\/wp-content\/uploads\/2023\/07\/IMG_6192-683x1024.jpg 683w, https:\/\/doscarasprod.com\/wp-content\/uploads\/2023\/07\/IMG_6192-200x300.jpg 200w, https:\/\/doscarasprod.com\/wp-content\/uploads\/2023\/07\/IMG_6192-768x1152.jpg 768w, https:\/\/doscarasprod.com\/wp-content\/uploads\/2023\/07\/IMG_6192-1024x1536.jpg 1024w, https:\/\/doscarasprod.com\/wp-content\/uploads\/2023\/07\/IMG_6192-1365x2048.jpg 1365w, https:\/\/doscarasprod.com\/wp-content\/uploads\/2023\/07\/IMG_6192-600x900.jpg 600w, https:\/\/doscarasprod.com\/wp-content\/uploads\/2023\/07\/IMG_6192-scaled.jpg 1707w\" sizes=\"(max-width: 683px) 100vw, 683px\" \/><\/figure><div class=\"elementor-image-box-content\"><h3 class=\"elementor-image-box-title\">Leonel Fonseca Terrazas<\/h3><p class=\"elementor-image-box-description\">Leonel Fonseca Terrazas actualmente se encuentra estudiando la Licenciatura de Artes\nVisuales con terminaci\u00f3n en la pl\u00e1stica en la Universidad Aut\u00f3noma de Quer\u00e9taro. Naci\u00f3 el 1\nde octubre de 1998 y desde temprana edad mostr\u00f3 inter\u00e9s por las artes visuales. En el 2015\nobtuvo el 3.er lugar en el concurso de fotograf\u00eda \u201cesencia de Huimilpan\u201d y a finales del\nmismo a\u00f1o particip\u00f3 en el concurso para definir el logo del equipo deportivo del Colegio de\nEstudios Cient\u00edficos y Tecnol\u00f3gicos, ganando el segundo lugar. En el 2016 particip\u00f3 en el\nconcurso de talento por parte del CECYTE (colegio de estudios cient\u00edficos y tecnol\u00f3gicos)\ndonde obtuvo el 2.do a nivel estatal. En el 2017 present\u00f3 su primera exposici\u00f3n colectiva en\nlas instalaciones de SEJUVE (Secretar\u00eda de la Juventud y la Ni\u00f1ez). En el 2019 particip\u00f3 en\nla exposici\u00f3n de \u201cEl color como medio de expresi\u00f3n\u201d en la casa de cultura Dr. Ignacio Mena\nRosales. En el 2022 fue invitado a participar en la exposici\u00f3n DISIDENCIAS donde se\nintegraron artistas Queretanos y Zacatecanos Actualmente se encuentra trabajando en\ndiversos murales para el municipio de Huimilpan donde busca exponer con el arte la esencia\ndel campo y de su gente. Sus \u00e1reas art\u00edsticas son la fotograf\u00eda, el grabado, la escultura,\npintura, as\u00ed como murales y \u00f3leo.<\/p><\/div><\/div>\t\t\t\t<\/div>\n\t\t\t\t<\/div>\n\t\t\t\t\t<\/div>\n\t\t<\/div>\n\t\t\t\t\t<\/div>\n\t\t<\/section>\n\t\t\t\t<\/div>\n\t\t","protected":false},"excerpt":{"rendered":"<p>&#8220;Do\u00f1a Mar\u00eda&#8221; 50 x 70cm Leonel Fonseca | IG: @leonelfonseca_art 2022 \u00d3leo sobre tela $16,700.00 MXN Ante la emergencia sanitaria en M\u00e9xico se vieron afectados todos los campos laborales,especialmente aquellos trabajos informales. Al hablar de trabajos informales creemos que sonaquellos con escasos ingresos, y no necesariamente lo sea. Podr\u00edamos decir que lainformalidad laboral es ser [&hellip;]<\/p>\n","protected":false},"author":1,"featured_media":0,"parent":0,"menu_order":0,"comment_status":"closed","ping_status":"closed","template":"","meta":{"om_disable_all_campaigns":false,"_monsterinsights_skip_tracking":false,"_monsterinsights_sitenote_active":false,"_monsterinsights_sitenote_note":"","_monsterinsights_sitenote_category":0,"footnotes":""},"class_list":["post-4965","page","type-page","status-publish","hentry"],"aioseo_notices":[],"_links":{"self":[{"href":"https:\/\/doscarasprod.com\/index.php\/wp-json\/wp\/v2\/pages\/4965","targetHints":{"allow":["GET"]}}],"collection":[{"href":"https:\/\/doscarasprod.com\/index.php\/wp-json\/wp\/v2\/pages"}],"about":[{"href":"https:\/\/doscarasprod.com\/index.php\/wp-json\/wp\/v2\/types\/page"}],"author":[{"embeddable":true,"href":"https:\/\/doscarasprod.com\/index.php\/wp-json\/wp\/v2\/users\/1"}],"replies":[{"embeddable":true,"href":"https:\/\/doscarasprod.com\/index.php\/wp-json\/wp\/v2\/comments?post=4965"}],"version-history":[{"count":10,"href":"https:\/\/doscarasprod.com\/index.php\/wp-json\/wp\/v2\/pages\/4965\/revisions"}],"predecessor-version":[{"id":5037,"href":"https:\/\/doscarasprod.com\/index.php\/wp-json\/wp\/v2\/pages\/4965\/revisions\/5037"}],"wp:attachment":[{"href":"https:\/\/doscarasprod.com\/index.php\/wp-json\/wp\/v2\/media?parent=4965"}],"curies":[{"name":"wp","href":"https:\/\/api.w.org\/{rel}","templated":true}]}}